-g**3 + g**2 + 2*g + 3. Let b be j(-3). Suppose -2*n = 5 - b. Is n a composite number?
True
Suppose -72 - 24 = -4*f. Let c be f/11 - (-2)/(-11). Is ((-43)/c - 2)*-2 prime?
True
Let r = 397 + -260. Suppose 0 = q - r - 114. Is q composite?
False
Let f = -11 + 15. Suppose -f*y + 4 + 8 = 0. Suppose y*j - 67 = 92. Is j composite?
False
Suppose 0 = i + 2*t - 3, 0*i = i + t + 1. Let a(f) = -43*f - 4. Is a(i) prime?
True
Suppose 4 + 10 = 2*h. Suppose -h = -3*x + 5. Suppose 21 = x*f - 7. Is f composite?
False
Let z = 8 + 15. Is z - (3 - 2) - 3 composite?
False
Let h be ((-5)/((-5)/(-3)))/(-1). Suppose 0*g = h*g - 153. Is g composite?
True
Suppose 3*t - 2*o - 525 = 0, t + o + o - 167 = 0. Suppose -j = -2*v + 97, -t = -4*v - 0*v - 5*j. Let r = -32 + v. Is r a composite number?
True
Suppose -7*t - 860 = -2*t. Let g be (0 + -3)*t/3. Let j = g + -117. Is j a composite number?
True
Suppose -5*q = -5*n - 3*q + 3125, -4*n + 2512 = -4*q. Is n prime?
False
Let p(c) = -c**2 - 4*c + 3. Suppose m - 2*s + s = -2, -4*m - 4*s - 32 = 0. Let v be p(m). Is v/(0 - 3/9) a prime number?
False
Let g = -102 + 560. Is g prime?
False
Let p(j) = -j**2 + 3*j. Let l be p(2). Suppose 0 = -4*r - l - 10. Let a(x) = 4*x**2 + 4*x - 1. Is a(r) prime?
True
Suppose 3 = 2*j - 5. Suppose -1 = -i, 9 + 0 = -j*m + 5*i. Is m/5 - (-152)/10 composite?
True
Is 25/(25/5) + 944 prime?
False
Let h be 0 - -4*7/2. Let i = -4 - -3. Let g = i + h. Is g composite?
False
Let o(x) = x + 6. Let h be o(-8). Is ((-316)/(-16))/(h/(-8)) composite?
False
Suppose l - 6 + 1 = 0. Suppose 0 = -l*r + 4*p + 111, 4*r - 2*p - 92 = 2*p. Is r prime?
True
Let m = -4 + 0. Let i(k) be the first derivative of k**4/4 + 2*k**3 + 2*k**2 + 3*k + 8. Is i(m) a prime number?
True
Is (522 - 4) + (-1)/2*2 a composite number?
True
Let g(c) be the first derivative of 8*c**3/3 + 3*c**2/2 - c - 2. Is g(2) composite?
False
Suppose -5*s - 3 = 2, -5*s = x - 5930. Is x a composite number?
True
Is 374*(-4 + 3)/(-2) composite?
True
Suppose 4*g - 2*f - 44 = 0, 0*g + 33 = 3*g + 4*f. Is g a composite number?
False
Suppose -3*h + 2*k + 15 - 7 = 0, 2*h + 1 = -5*k. Suppose -f + 2*f - 92 = 0. Suppose -2*p + f = h*p. Is p prime?
True
Suppose 3*q + 45 = 5*l - 2*q, l - 3 = -q. Is l composite?
True
Suppose -5*s + 3288 = 3*s. Is s prime?
False
Suppose 5*w - 21 - 29 = 0. Suppose -5*p = -15 - w. Suppose -u - p*z = 10, u - 2*z - 10 = -3*z. Is u prime?
False
Suppose -514 = -2*c - v, 0 = 2*v - 4*v. Is c prime?
True
Is (1 + -5 + 0)*(-2291)/116 a prime number?
True
Suppose -20 = -4*f + 2*d, -5*f + 2*d - 2 = -26. Let b be f*1*(-326)/(-8). Suppose 3*n - b = -22. Is n prime?
True
Let r(y) = 13*y - 1. Let m be r(2). Suppose -5*n + i = -m, -5 - 20 = 5*i. Suppose 0 = 5*c - 4*v - 78, c + 3*c - n*v - 64 = 0. Is c prime?
False
Suppose b = -5, 0 = -3*k + 4*b + 713 + 213. Is k prime?
False
Let h(m) = 4*m. Let v be h(5). Let j = v - 32. Let k = j + 47. Is k prime?
False
Let d be -9 + 2/(2 - 0). Let s = d - -14. Suppose p - s*p = -195. Is p prime?
False
Suppose 17187 = 4*f + 4143. Is f composite?
True
Let i = 26 - 23. Suppose 2*w = -i*w + 435. Is w a prime number?
False
Let t(p) = 51*p + 14. Let l(z) = -34*z - 9. Let r(d) = 8*l(d) + 5*t(d). Let g be r(-6). Is (g/(-12))/(1/(-3)) prime?
False
Let v(l) = l**2 - 9*l - 4. Suppose 39 = 4*y + 3*f, -3 = -2*f - f. Let r be v(y). Let g = 33 - r. Is g a composite number?
False
Let i(l) = -l**3 + l**2 - l. Let q be i(3). Let f = -13 - q. Suppose -5*a - h = -73, f*a - 79 = 3*a + 2*h. Is a a prime number?
False
Let n(y) = y**3 + 6*y**2 + 4*y - 6. Let d be n(-5). Is (1/2*-62)/d prime?
True
Let j = -26 + 48. Is j prime?
False
Suppose -f - 20 = 12. Let g = f + 53. Is g a composite number?
True
Is 68/(-1)*(-30)/24 a composite number?
True
Let r(v) = -111*v - 17. Is r(-6) a composite number?
True
Let z = -28 + 45. Suppose 0 = j - 1, 3*w + 3*j = 53 - z. Is w a composite number?
False
Let d be (-108)/(-16) - (-2)/8. Let k(x) = -x**3 + 8*x**2 - 6*x - 4. Is k(d) a composite number?
False
Let w = 41 + 35. Suppose -4*f + w = -5*c + 10, -1 = f. Let j = c - -103. Is j composite?
False
Let a(c) be the second derivative of -c**5/20 + c**4/2 - 2*c**3/3 + c**2 + 6*c. Is a(5) prime?
True
Let t = -7 - -10. Suppose 501 = -2*f + t*f. Suppose f - 137 = 4*k. Is k prime?
False
Let r be 9/(-63) + (-2)/(-14). Suppose -7*b + 2*b - t + 173 = r, -5*b = -2*t - 179. Is b composite?
True
Let q(l) = -l**2 - 14*l - 12. Let j = -23 - -14. Is q(j) composite?
True
Let q = 17 + -32. Let v = 34 + q. Suppose n + v = 2*n. Is n prime?
True
Let w be (3/5)/(5/25). Suppose 83 = r - w*h, 377 = 5*r + 2*h + 2*h. Is r a composite number?
True
Let q(r) be the first derivative of r**4/4 + 2*r**3 - 4*r**2 + 3*r + 3. Let o be q(-6). Let b = 130 - o. Is b prime?
True
Suppose -v = 2*v - 9. Suppose 27 = -v*f + 5*f - l, 3*f - 2*l - 39 = 0. Is f a prime number?
False
Let z be (-7 + 1)*2/(-3). Suppose 2*v + 3*h = 3, -v + 0*h = 3*h. Suppose -l - v*k + 19 = -28, 3*l = -z*k + 141. Is l a composite number?
False
Let x(f) be the second derivative of -3*f**3 - f**2/2 - 4*f. Is x(-3) composite?
False
Let y = -80 + 267. Is y prime?
False
Let z(n) = -n + 7. Let w be z(5). Is w*((-340)/(-8) - -3) composite?
True
Suppose 2*i + 5 = -3*i. Is -2*(i + (-150)/4) prime?
False
Let z(h) = -25*h**3 - h**2 + 4. Let y(b) = b**3 - 1. Let j(i) = 3*y(i) + z(i). Is j(-1) prime?
False
Let o(q) be the first derivative of q**4/12 + q**3/2 + 2*q + 1. Let k(n) be the first derivative of o(n). Is k(-5) composite?
True
Suppose -u + 357 = 18. Is u composite?
True
Suppose 4*d = 5*m + 16, -2*m + 3*d - 16 = -d. Let z(s) = -s + 18. Let l be z(m). Suppose -2*p = -4*f + 2*p - 8, 3*p - l = -3*f. Is f a prime number?
True
Let s = 143 - -666. Is s prime?
True
Let w(q) = -q**2 + 7*q - 3. Let h be w(7). Let a be 3 - h/((-9)/(-6)). Suppose a*v - 3*j - 2*j - 165 = 0, -5*v + j = -165. Is v composite?
True
Let f(n) = -n**2 - 6*n. Let p be f(-5). Let u be (-1 - p)*2/(-6). Suppose 0*h - 12 = -u*h. Is h a composite number?
True
Let a = -9 - -14. Suppose -5*t + 104 = s - 4*s, -92 = -a*t - s. Is t a prime number?
True
Is 753 - (-3 + 1 - -2) a composite number?
True
Let l(s) be the second derivative of s**5/20 + s**4/3 + s**2/2 + 4*s. Let g be l(-4). Is 74*(g + 1/(-2)) a prime number?
True
Let k be 1 + (-4 + 4 - -1). Suppose -509 = -k*n + 5*d, 0 = -n - 5*d + 75 + 187. Is n prime?
True
Let f be 1 + (-16)/(1 + 1). Let k be (-4)/(4/f) - 2. Suppose 0 = -5*y + 5*o + 45, k*y + 0*y - o = 61. Is y composite?
False
Let y(j) = -j**3 - 2*j**2 + j - 2. Let u be y(-3). Is 842/4 + 2/u a composite number?
False
Let t(o) = 189*o**2 + 2*o + 16. Is t(5) a prime number?
True
Suppose 0 = -2*y - 3*x - 3, -3*y + 3 = 2*y - 3*x. Suppose 72 = f - 40. Suppose -z - i = -32, y = 3*z - 3*i - 2*i - f. Is z prime?
False
Let l(p) = -78*p - 5. Is l(-7) a composite number?
False
Let r = 15 - 20. Is (-6)/15 + (-3367)/r prime?
True
Let a(n) = -2*n**2 - 14*n + 2. Let w be a(-10). Let s = 14 + w. Let q = -22 - s. Is q composite?
True
Suppose 2*z = 8*z - 2676. Is z composite?
True
Let k(u) = -114*u - 1. Is k(-1) a prime number?
True
Let f(n) = -138*n + 3. Is f(-1) a composite number?
True
Is 0 - 2122/(-6)*(3 + 0) a prime number?
True
Let b(u) = 6*u**3 - u**2 + 2*u + 3. Suppose 3*q - 15 = -2*q. Let m be b(q). Suppose -3*i - f = -0*f - 248, 4*f = -2*i + m. Is i composite?
False
Let v(b) be the first derivative of -b**4/3 + 7*b**3/6 - 5*b**2/2 - 3. Let u(o) be the second derivative of v(o). Is u(-5) a prime number?
True
Let k(u) = -54*u + 1. Let j be k(-2). Let a = 54 - j. Let s = a - -108. Is s prime?
True
Let b(x) = -x**3 - 5*x**2 - 5*x - 1. Let p be b(-4). Suppose 0 = -p*t + 2*i + 203, -204 = -3*t + 3*i. Is t a composite number?
False
Is (-8)/8 + (2790 - 0) prime?
True
Let t(k) = 9*k + 7. Let v be t(-9). Let i be (4 + 2)*v/(-4). Suppose r = 2*n + i, -r + 3*n + 40 = -67. Is r a prime number?
False
Let b be 1 + (-1)/2*2. Let c(i) be the third derivative of -i**5/60 + i**4/24 + 35*i**3/6 - 2*i**2. Is c(b) prime?
False
Let b = -1 - 6. Is 18/(-42) - 1760/b a prime number?
True
Let c be ((-6)/(-4) + -2)*-4. Is 20 + c/(-2)*-2 a prime number?
False
Let j be (1 - (6 + -3))*-1. Is -10*j/(-4)*2 a prime number?
False
Let q(a) = 2*a - 1. Let b be q(2). Suppose 48 = b*u + u. Let m = u - 3. Is m prim